 - 8, -3*i - 3*d = 15. Suppose 4 = a + 1. Let b(h) = 3*h**2 + 2*h + h**3 - 3*h**2 + a*h**2. Calculate b(i).
-6
Let z be -2 + (-4 - -4 - -7). Let a(j) = -j**2 + 6*j. Determine a(z).
5
Suppose 0*t + 3*t + 1 = k, 8 = 4*t + k. Suppose x - t - 2 = 0. Let h(w) = -w**3 - 6*w**2 + 5*w**2 + x + 0 - 3*w**2. What is h(-3)?
-6
Let x(i) = -i + 3. Suppose 7*o = -5*j + 3*o + 28, -5*o = -10. Suppose -v + 5*z + 22 = 0, -2*z - 16 = -j*v - 0*v. Suppose -3*y + v*y = 6. Determine x(y).
9
Let d(q) = -6*q + 232*q**2 - 7 + 224*q**2 - 455*q**2. Let a = 13 - 5. Calculate d(a).
9
Let y(s) be the first derivative of -8/3*s**3 + s - 3*s**2 - 7 - 1/4*s**4. Suppose 2*c = -2*w - 20, 2*w = -w + 2*c - 15. Determine y(w).
-6
Suppose -12 = -7*n + 3*n. Let a(i) = i**3 + n*i**2 - 9*i + 13*i - 7*i. Let t(p) = -p. Let y(o) = -a(o) + 6*t(o). Calculate y(-3).
9
Let j(r) = -2*r**2 + 5*r + 3. Suppose -67*s = -159 - 109. Give j(s).
-9
Let a(m) = -4*m**2 - 5*m + 23. Let y be a(-3). Let u be 5 - (-3)/(3/(-2)). Let i(b) = 2*b - b**2 + u - 3. Determine i(y).
0
Let m(h) = h - 9. Suppose s + 4*t - 17 = 6, -45 = -3*s - 4*t. Calculate m(s).
2
Let v(x) = -4*x - 7*x**2 + 3*x**2 - x**3 + 13*x**2 + 0 + 6. Give v(9).
-30
Let q(j) be the third derivative of -7*j**6/120 + j**4/4 + 5*j**3/6 - 20*j**2. Let r(i) = -15*i**3 + 11*i + 9. Let g(f) = 7*q(f) - 4*r(f). Calculate g(-1).
-10
Let n(f) = -3*f**2 + 4*f - 2. Let w(h) = -h**2 + 1. Let x(y) = 7*y**2 - 5*y - 4. Let v(s) = -6*w(s) - x(s). Let p be v(4). Calculate n(p).
-6
Let p(t) = t + 1. Let a be p(1). Let j = 36 + -35. Let n(o) = -j + 3 + 0 + 2*o + 3*o**a + o**3. Determine n(-3).
-4
Let d(h) = h**3 + 5*h**2 + 41*h + 284. Let r be d(-6). Let b(s) be the first derivative of -2 - 8/3*s**3 - 1/2*s**r - s. Calculate b(-1).
-8
Let c(g) = g**3 + 9*g**2 - 9*g + 10. Suppose 0 = 8*l - 2*l + 60. Let a be c(l). Let x(i) = 3*i - 2*i - 2*i**3 + 7 + 3*i**3 + i**2. Give x(a).
7
Let j(r) be the third derivative of 0 + 5*r**2 + 1/24*r**4 + 0*r + 1/6*r**3. Let q = -3 + 7. Calculate j(q).
5
Let k(p) = p**3 + 6*p**2 + 5*p + 6. Let a(f) = -f**3 + 2*f**2 - 4*f + 3. Let t(s) = s**3 - 3*s - 2. Let r be t(-2). Let c = -2 - r. Let o be a(c). What is k(o)?
6
Let u(s) = 4 + 57*s - 6*s**2 + 68*s - 133*s + 2*s**3 - s**3. Calculate u(7).
-3
Suppose -u - 3 = -1. Let t(f) = 2*f + 7. Let m(n) = -5*n - 12. Let h = 53 + -48. Let s(x) = h*t(x) + 3*m(x). Calculate s(u).
9
Let j = -116 + 111. Let l(q) = -q**3 - 6*q**2 + q - 3. Determine l(j).
-33
Let u(z) be the second derivative of z**4/12 - z**3/6 - 3*z**2 - 68*z + 1. What is u(-6)?
36
Let i(m) = 8*m**3 + 6*m**2 + 13*m + 11. Let q(f) = 7*f**3 + 6*f**2 + 12*f + 10. Let x = 74 - 68. Let r(g) = x*i(g) - 7*q(g). Calculate r(-5).
1
Suppose -10*a = -6*a + 16. Let v(u) = u**2 + 7*u - 1. Let h(w) = 2*w**2 + 13*w - 1. Let j = -16 + 12. Let x(n) = j*h(n) + 7*v(n). Give x(a).
-7
Let k(v) = -2*v**2 + 5*v. Suppose 44 = 14*f - 12. Calculate k(f).
-12
Let p(x) = -x**2 + 2*x + 2. Suppose 5*b - 1 = 3*r, -2*r - r + 3*b = 9. Let k = r + 10. Let a = k - -2. What is p(a)?
-13
Let o(f) be the first derivative of -f**2 + 10*f - 10. Let w(v) = 2*v - 9. Let u(x) = -4*o(x) - 5*w(x). Let i = 15 - 10. What is u(i)?
-5
Let y = -48 - -53. Let g be y - (-9)/(9/(-8)). Let x(h) = 4*h + 4. Determine x(g).
-8
Let q = -9 + 10. Let b(p) be the third derivative of p**5/10 - p**4/24 + p**3/6 - 26*p**2. Determine b(q).
6
Let g(d) be the first derivative of d**2/2 - 5*d + 25. Determine g(0).
-5
Let h(g) = -g**2 - 3*g + 2. Let a be h(-3). Let s(n) = -1 + 11*n**2 + 2*n - 3 - 10*n**a + 4*n. Determine s(-6).
-4
Let j(w) = 2*w**2 - 6*w**2 - 5 + 6*w + 3*w**2 + 0*w**2. Let h(u) = -27*u - 1. Let d be h(-1). Suppose p + 3*n = -3*p + 7, 2*n = 5*p - d. Give j(p).
3
Let q(c) = -4*c**2 - 3*c - 1. Suppose -4*r = 0, -3*o + 120 = r + 2*r. Let b = o + -36. Suppose -3*h - 5*a - 3 = h, 4 = b*a. Give q(h).
-11
Let d(g) = g**3 + 6*g**2 - 14*g - 11. Let r be d(-8). Let q = -22 - r. Let t(z) = -2*z - 4. Calculate t(q).
-14
Let o(l) be the third derivative of -2/3*l**3 + 0*l + 21*l**2 + 1/24*l**4 + 0. Determine o(4).
0
Let x(z) = z**2 - 7*z - 8. Suppose -45 = -10*b + b. Suppose -5*n + 55 = b*q, 5*n = 6*n - 3*q + 9. Give x(n).
-14
Let t(i) = -i**3 + 13*i**2 - 13*i + 15. Let k be t(12). Let f(b) = k*b - b - b. Give f(-3).
-3
Let h(p) = -p**2 + 5*p + 3. Let v be (-1)/(2/12*3). Let o(y) be the second derivative of -y**5/20 - y**4/12 + y**2 - 2*y. Let d be o(v). What is h(d)?
-3
Suppose b - 6 = -2*a + 7*a, -2*b - 8 = 0. Let r(h) = 3*h**2 + 4*h + 2. Give r(a).
6
Let x(d) = -2*d**3 - 17*d**2 + 16*d. Let z(s) = 3*s**3 + 34*s**2 - 32*s + 1. Let a(h) = 5*x(h) + 3*z(h). Calculate a(16).
3
Let z(y) = -2*y**2 + 7*y + 11. Let m(a) = 3*a**2 - 11*a - 17. Let x(g) = -5*m(g) - 7*z(g). Determine x(7).
1
Let x(y) = -y**2 - 7*y + 4. Let n be x(-6). Suppose -2*l - 2*q + n = -3*l, 15 = l + 3*q. Let i(t) = -10 - 2*t + l + t. Give i(-6).
-4
Let x(m) = 10*m**3 + m**2 - m - 1. Suppose 5*n + 13 = 43. Suppose -u + n = -2*z - 19, -z = u + 20. Let j be (-10)/z*3/(-2). Determine x(j).
-9
Suppose 3*u + 18 = 2*h, 5*h + u - 35 = 6*u. Let k(f) = 5*f - h*f - 8 + 6 + 2*f. Suppose -3*q + 7 + 1 = -2*t, 0 = -q + t + 3. What is k(q)?
6
Let l(o) = -o**2 + 5*o + 2. Let k = -30 - -67. Let c be k/5 - (-24)/40. Suppose 5*a - c = 12. Calculate l(a).
6
Let x(v) = -8*v + 19*v - v - 4*v + 22*v + 1. Give x(-2).
-55
Let q(u) = -u**2 + 17*u - 9. Let o = -82 - -98. Calculate q(o).
7
Let n(c) = c**3 + 7*c**2 + 5*c - 4. Let u be 7/((-28)/(-8))*1. Suppose -h + 8 = -5*j, -3*h + 6 = -3*j - u*h. Let y be 1*j - (10 + -5). Give n(y).
2
Let g(o) = -5*o + 3. Let a(f) = 5*f - 4. Let s(d) = -4*a(d) - 5*g(d). Let z be ((27/2)/3 - 4)*2. Give s(z).
6
Let j(w) = w**2 + 10*w + 13. Let h(t) = -t**2 - 10*t - 12. Let v(n) = -4*h(n) - 3*j(n). What is v(-9)?
0
Suppose -b + d + 5 = 4*b, 4 = -3*b + 2*d. Let c(z) = -3*z**b + 0*z + 2*z - 3*z + 2*z**2. Suppose 3*g - 4*y = -4, 3*g + y + 5 = 6*y. What is c(g)?
0
Let h(g) = 47 + 7*g + 11*g - 58 - 5*g - 12*g**2 + g**3. Give h(11).
11
Let w(v) = v**2 + 4*v - 358. Let f be w(-21). Let b(u) = -4*u**3 + 3*u**2 + u. Give b(f).
6
Let b(w) be the first derivative of w**5/120 - w**4/12 + 9*w**3 + 24. Let h(k) be the third derivative of b(k). What is h(5)?
3
Suppose f - 30 = -5*f. Let y(t) = -t - 2. Calculate y(f).
-7
Let p(w) = -44*w**3 - 13*w**2 - 4. Let x(f) = -15*f**3 - 4*f**2 - 1. Let h(o) = 2*p(o) - 7*x(o). Calculate h(1).
18
Let i(q) = 11*q + 1. Suppose -4*v + 18 = -2*m, 2*v - 3 = 33*m - 38*m. Give i(m).
-10
Let i(a) = -2*a**3 + 12*a**2 - 6*a + 6. Let j(z) = -2*z**3 + 14*z**2 - 7*z + 7. Let l(d) = -7*i(d) + 6*j(d). Give l(2).
16
Suppose -l = -0*l - 2*g + 17, 0 = 3*l - 3*g + 39. Let m(n) = -n**2 - 5*n + 4. What is m(l)?
-32
Let t(i) = i**2 - 4*i + 42. Let m(u) = -3*u**2 + 11*u - 126. Let r(s) = -3*m(s) - 8*t(s). Calculate r(0).
42
Suppose 2*s = -4*c + 57 - 13, 5*c - 4*s - 81 = 0. Suppose 5*n + o - c = 14, -5*n + 36 = -2*o. Let d(u) = u**2 - 3*u - 8. Calculate d(n).
10
Let j(d) = 8*d**2 + d + 8. Let p(h) = -9*h**2 - 2*h - 9. Let c(s) = -6*j(s) - 5*p(s). Let k be (-51 - -53) + 0 + 0. What is c(k)?
-7
Let i(d) be the second derivative of -1/3*d**3 - 1/20*d**5 - 7*d - 1/2*d**2 + 0 + 1/4*d**4. Suppose t + 0 = -5*h + 2, -5*t = 4*h - 10. Determine i(t).
-1
Suppose -6 = 5*m - 81. Let j be (-2 + m/9)*-9. Let y(n) = 5*n - 4 + j + n**2 + 2. Calculate y(-3).
-5
Let t(g) = g**2 - 7*g + 6. Let s(v) be the second derivative of -v**4/12 + 5*v**3/3 - 3*v**2/2 + 3*v - 2. Let n be s(9). Determine t(n).
0
Suppose 4*t - 83 = -19. Suppose 5*g = -1 + t. Let m(s) = -s**3 + 3*s**3 - s**3 - 6 - 2*s**g + s**2 - s. Give m(0).
-6
Let c(u) = u**2 - 5. Let i be -1 - 205/(-9) - (-2)/9. Let l = -27 + i. Give c(l).
20
Let x be (-1216)/(-24) - (0 + -2)/6. Let u be -5*(-3 + x/15). Let l(y) = -y**2 - 2*y - 3. Determine l(u).
-3
Let g be 2/8 + (-11)/(-4). Suppose 16 = 4*f - 4*y, 4*f - 7 - 17 = -4*y. Let c(r) = 8 - f - 2 + 4*r - r**2. Give c(g).
4
Let q(n) = 0 - 1 - 2550*n + 2542*n - 1. Let u = 10 - 7. Calculate q(u).
-26
Let d(k) be the first derivative of k**3/3 + k**2/2 + 110. What is d(2)?
6
Let r(h) be the third derivative of -h**5/15 + h**4/8 + h**3/2 - 5*h**2 + 37. Determine r(4).
-49
Let h(z) = 288*z**3 - 2*z**2 + 0*z**2 - 287*z**3 - z + 8 + z**2. What is h(0)?
8
Su